{"id":677,"date":"2019-09-30T18:58:30","date_gmt":"2019-09-30T18:58:30","guid":{"rendered":"http:\/\/172.17.194.93\/wordpress\/?page_id=677"},"modified":"2022-10-22T17:58:31","modified_gmt":"2022-10-22T16:58:31","slug":"bolseiros-universitarios","status":"publish","type":"page","link":"\/index.php\/bolseiros-universitarios\/","title":{"rendered":"Bolseiros Universit\u00e1rios"},"content":{"rendered":"\n<p><strong>Bolseiros universit\u00e1rios atualmente apoiados pela ONGD SIM:<\/strong><\/p>\n\n\n\n<figure class=\"wp-block-gallery has-nested-images columns-default is-cropped wp-block-gallery-2 is-layout-flex wp-block-gallery-is-layout-flex\">\n<figure class=\"wp-block-image size-large\"><img loading=\"lazy\" decoding=\"async\" width=\"1024\" height=\"1024\" data-id=\"10993\" src=\"\/wp-content\/uploads\/2022\/10\/Design-sem-nome-5-1024x1024.png\" alt=\"\" class=\"wp-image-10993\" srcset=\"\/wp-content\/uploads\/2022\/10\/Design-sem-nome-5-1024x1024.png 1024w, \/wp-content\/uploads\/2022\/10\/Design-sem-nome-5-150x150.png 150w, \/wp-content\/uploads\/2022\/10\/Design-sem-nome-5-300x300.png 300w, \/wp-content\/uploads\/2022\/10\/Design-sem-nome-5-768x768.png 768w, \/wp-content\/uploads\/2022\/10\/Design-sem-nome-5-600x600.png 600w, \/wp-content\/uploads\/2022\/10\/Design-sem-nome-5.png 1080w\" sizes=\"auto, (max-width: 1024px) 100vw, 1024px\" \/><\/figure>\n<\/figure>\n\n\n\n<hr class=\"wp-block-separator has-alpha-channel-opacity\"\/>\n\n\n\n<p><\/p>\n\n\n\n<p><strong>Bolseiros que acabaram o curso universit\u00e1rio recentemente:<\/strong><\/p>\n\n\n<p><img loading=\"lazy\" decoding=\"async\" class=\"\" src=\"\/wp-content\/uploads\/2019\/11\/Raul--849x1024.jpg\" sizes=\"auto, (max-width: 736px) 100vw, 736px\" srcset=\"\/wp-content\/uploads\/2019\/11\/Raul--849x1024.jpg 849w, \/wp-content\/uploads\/2019\/11\/Raul--768x927.jpg 768w, \/wp-content\/uploads\/2019\/11\/Raul--600x724.jpg 600w, \/wp-content\/uploads\/2019\/11\/Raul--20x24.jpg 20w, \/wp-content\/uploads\/2019\/11\/Raul--30x36.jpg 30w, \/wp-content\/uploads\/2019\/11\/Raul--40x48.jpg 40w, \/wp-content\/uploads\/2019\/11\/Raul--249x300.jpg 249w, \/wp-content\/uploads\/2019\/11\/Raul-.jpg 1061w\" alt=\"\" width=\"363\" height=\"438\"><\/p>\n<p>Raul Artur Mazelete<\/p>\n<p>3\u00ba ano do Curso de Ci\u00eancias Pol\u00edticas e Rela\u00e7\u00f5es Internacionais (UCB)<\/p>\n<p><img loading=\"lazy\" decoding=\"async\" class=\"\" src=\"\/wp-content\/uploads\/2019\/11\/Ant\u00f3nio--1024x767.jpg\" sizes=\"auto, (max-width: 736px) 100vw, 736px\" srcset=\"\/wp-content\/uploads\/2019\/11\/Ant\u00f3nio--1024x767.jpg 1024w, \/wp-content\/uploads\/2019\/11\/Ant\u00f3nio--768x575.jpg 768w, \/wp-content\/uploads\/2019\/11\/Ant\u00f3nio--600x450.jpg 600w, \/wp-content\/uploads\/2019\/11\/Ant\u00f3nio--24x18.jpg 24w, \/wp-content\/uploads\/2019\/11\/Ant\u00f3nio--36x27.jpg 36w, \/wp-content\/uploads\/2019\/11\/Ant\u00f3nio--48x36.jpg 48w, \/wp-content\/uploads\/2019\/11\/Ant\u00f3nio--300x225.jpg 300w, \/wp-content\/uploads\/2019\/11\/Ant\u00f3nio-.jpg 1280w\" alt=\"\" width=\"476\" height=\"356\"><\/p>\n<p>Ant\u00f3nio Sindial Zivane<\/p>\n<p>Curso de Gest\u00e3o de Empresas (UCB)<\/p>\n<p><img loading=\"lazy\" decoding=\"async\" class=\"\" src=\"\/wp-content\/uploads\/2019\/11\/Gustavinho-749x1024.jpg\" sizes=\"auto, (max-width: 736px) 100vw, 736px\" srcset=\"\/wp-content\/uploads\/2019\/11\/Gustavinho-749x1024.jpg 749w, \/wp-content\/uploads\/2019\/11\/Gustavinho-768x1050.jpg 768w, \/wp-content\/uploads\/2019\/11\/Gustavinho-600x820.jpg 600w, \/wp-content\/uploads\/2019\/11\/Gustavinho-18x24.jpg 18w, \/wp-content\/uploads\/2019\/11\/Gustavinho-26x36.jpg 26w, \/wp-content\/uploads\/2019\/11\/Gustavinho-35x48.jpg 35w, \/wp-content\/uploads\/2019\/11\/Gustavinho-220x300.jpg 220w, \/wp-content\/uploads\/2019\/11\/Gustavinho.jpg 780w\" alt=\"\" width=\"363\" height=\"496\"><\/p>\n<p>Gustavo Zaqueu Zivane<\/p>\n<p>Curso de Gest\u00e3o de Recursos Humanos (UCB)<\/p>","protected":false},"excerpt":{"rendered":"<p>Bolseiros universit\u00e1rios atualmente apoiados pela ONGD SIM: Bolseiros que acabaram o curso universit\u00e1rio recentemente: Raul Artur Mazelete 3\u00ba ano do Curso de Ci\u00eancias Pol\u00edticas e Rela\u00e7\u00f5es Internacionais (UCB) Ant\u00f3nio Sindial Zivane Curso de Gest\u00e3o de Empresas (UCB) Gustavo Zaqueu Zivane Curso de Gest\u00e3o de Recursos Humanos (UCB)<\/p>\n","protected":false},"author":1,"featured_media":0,"parent":0,"menu_order":0,"comment_status":"closed","ping_status":"closed","template":"","meta":{"ngg_post_thumbnail":0,"footnotes":""},"class_list":["post-677","page","type-page","status-publish","hentry","clear"],"yoast_head":"<!-- This site is optimized with the Yoast SEO plugin v27.2 - https:\/\/yoast.com\/product\/yoast-seo-wordpress\/ -->\n<title>Bolseiros Universit\u00e1rios - Solidariedade Internacional a Mo\u00e7ambique<\/title>\n<meta name=\"robots\" content=\"index, follow, max-snippet:-1, max-image-preview:large, max-video-preview:-1\" \/>\n<link rel=\"canonical\" href=\"https:\/\/www.ongsim.org\/index.php\/bolseiros-universitarios\/\" \/>\n<meta property=\"og:locale\" content=\"pt_PT\" \/>\n<meta property=\"og:type\" content=\"article\" \/>\n<meta property=\"og:title\" content=\"Bolseiros Universit\u00e1rios - Solidariedade Internacional a Mo\u00e7ambique\" \/>\n<meta property=\"og:description\" content=\"Bolseiros universit\u00e1rios atualmente apoiados pela ONGD SIM: Bolseiros que acabaram o curso universit\u00e1rio recentemente: Raul Artur Mazelete 3\u00ba ano do Curso de Ci\u00eancias Pol\u00edticas e Rela\u00e7\u00f5es Internacionais (UCB) Ant\u00f3nio Sindial Zivane Curso de Gest\u00e3o de Empresas (UCB) Gustavo Zaqueu Zivane Curso de Gest\u00e3o de Recursos Humanos (UCB)\" \/>\n<meta property=\"og:url\" content=\"https:\/\/www.ongsim.org\/index.php\/bolseiros-universitarios\/\" \/>\n<meta property=\"og:site_name\" content=\"Solidariedade Internacional a Mo\u00e7ambique\" \/>\n<meta property=\"article:publisher\" content=\"https:\/\/www.facebook.com\/ONG.SIM.MOCAMBIQUE\/?ref=ts\" \/>\n<meta property=\"article:modified_time\" content=\"2022-10-22T16:58:31+00:00\" \/>\n<meta name=\"twitter:card\" content=\"summary_large_image\" \/>\n<meta name=\"twitter:label1\" content=\"Tempo estimado de leitura\" \/>\n\t<meta name=\"twitter:data1\" content=\"2 minutos\" \/>\n<script type=\"application\/ld+json\" class=\"yoast-schema-graph\">{\"@context\":\"https:\/\/schema.org\",\"@graph\":[{\"@type\":\"WebPage\",\"@id\":\"https:\/\/www.ongsim.org\/index.php\/bolseiros-universitarios\/\",\"url\":\"https:\/\/www.ongsim.org\/index.php\/bolseiros-universitarios\/\",\"name\":\"Bolseiros Universit\u00e1rios - Solidariedade Internacional a Mo\u00e7ambique\",\"isPartOf\":{\"@id\":\"https:\/\/www.ongsim.org\/#website\"},\"datePublished\":\"2019-09-30T18:58:30+00:00\",\"dateModified\":\"2022-10-22T16:58:31+00:00\",\"breadcrumb\":{\"@id\":\"https:\/\/www.ongsim.org\/index.php\/bolseiros-universitarios\/#breadcrumb\"},\"inLanguage\":\"pt-PT\",\"potentialAction\":[{\"@type\":\"ReadAction\",\"target\":[\"https:\/\/www.ongsim.org\/index.php\/bolseiros-universitarios\/\"]}]},{\"@type\":\"BreadcrumbList\",\"@id\":\"https:\/\/www.ongsim.org\/index.php\/bolseiros-universitarios\/#breadcrumb\",\"itemListElement\":[{\"@type\":\"ListItem\",\"position\":1,\"name\":\"In\u00edcio\",\"item\":\"https:\/\/www.ongsim.org\/\"},{\"@type\":\"ListItem\",\"position\":2,\"name\":\"Bolseiros Universit\u00e1rios\"}]},{\"@type\":\"WebSite\",\"@id\":\"https:\/\/www.ongsim.org\/#website\",\"url\":\"https:\/\/www.ongsim.org\/\",\"name\":\"Solidariedade Internacional a Mo\u00e7ambique\",\"description\":\"Solidariedade Internacional a Mo\u00e7ambique\",\"publisher\":{\"@id\":\"https:\/\/www.ongsim.org\/#organization\"},\"potentialAction\":[{\"@type\":\"SearchAction\",\"target\":{\"@type\":\"EntryPoint\",\"urlTemplate\":\"https:\/\/www.ongsim.org\/?s={search_term_string}\"},\"query-input\":{\"@type\":\"PropertyValueSpecification\",\"valueRequired\":true,\"valueName\":\"search_term_string\"}}],\"inLanguage\":\"pt-PT\"},{\"@type\":\"Organization\",\"@id\":\"https:\/\/www.ongsim.org\/#organization\",\"name\":\"Solidariedade Internacional a Mo\u00e7ambique\",\"url\":\"https:\/\/www.ongsim.org\/\",\"logo\":{\"@type\":\"ImageObject\",\"inLanguage\":\"pt-PT\",\"@id\":\"https:\/\/www.ongsim.org\/#\/schema\/logo\/image\/\",\"url\":\"http:\/\/ongsim.org\/wp-content\/uploads\/2020\/03\/logo-sim-2_branco_site.png\",\"contentUrl\":\"http:\/\/ongsim.org\/wp-content\/uploads\/2020\/03\/logo-sim-2_branco_site.png\",\"width\":300,\"height\":300,\"caption\":\"Solidariedade Internacional a Mo\u00e7ambique\"},\"image\":{\"@id\":\"https:\/\/www.ongsim.org\/#\/schema\/logo\/image\/\"},\"sameAs\":[\"https:\/\/www.facebook.com\/ONG.SIM.MOCAMBIQUE\/?ref=ts\",\"https:\/\/www.instagram.com\/sim.mocambique\/\",\"https:\/\/www.youtube.com\/channel\/UCcLb9BZr3RC9gZ57W-0eebA\"]}]}<\/script>\n<!-- \/ Yoast SEO plugin. -->","yoast_head_json":{"title":"Bolseiros Universit\u00e1rios - Solidariedade Internacional a Mo\u00e7ambique","robots":{"index":"index","follow":"follow","max-snippet":"max-snippet:-1","max-image-preview":"max-image-preview:large","max-video-preview":"max-video-preview:-1"},"canonical":"https:\/\/www.ongsim.org\/index.php\/bolseiros-universitarios\/","og_locale":"pt_PT","og_type":"article","og_title":"Bolseiros Universit\u00e1rios - Solidariedade Internacional a Mo\u00e7ambique","og_description":"Bolseiros universit\u00e1rios atualmente apoiados pela ONGD SIM: Bolseiros que acabaram o curso universit\u00e1rio recentemente: Raul Artur Mazelete 3\u00ba ano do Curso de Ci\u00eancias Pol\u00edticas e Rela\u00e7\u00f5es Internacionais (UCB) Ant\u00f3nio Sindial Zivane Curso de Gest\u00e3o de Empresas (UCB) Gustavo Zaqueu Zivane Curso de Gest\u00e3o de Recursos Humanos (UCB)","og_url":"https:\/\/www.ongsim.org\/index.php\/bolseiros-universitarios\/","og_site_name":"Solidariedade Internacional a Mo\u00e7ambique","article_publisher":"https:\/\/www.facebook.com\/ONG.SIM.MOCAMBIQUE\/?ref=ts","article_modified_time":"2022-10-22T16:58:31+00:00","twitter_card":"summary_large_image","twitter_misc":{"Tempo estimado de leitura":"2 minutos"},"schema":{"@context":"https:\/\/schema.org","@graph":[{"@type":"WebPage","@id":"https:\/\/www.ongsim.org\/index.php\/bolseiros-universitarios\/","url":"https:\/\/www.ongsim.org\/index.php\/bolseiros-universitarios\/","name":"Bolseiros Universit\u00e1rios - Solidariedade Internacional a Mo\u00e7ambique","isPartOf":{"@id":"https:\/\/www.ongsim.org\/#website"},"datePublished":"2019-09-30T18:58:30+00:00","dateModified":"2022-10-22T16:58:31+00:00","breadcrumb":{"@id":"https:\/\/www.ongsim.org\/index.php\/bolseiros-universitarios\/#breadcrumb"},"inLanguage":"pt-PT","potentialAction":[{"@type":"ReadAction","target":["https:\/\/www.ongsim.org\/index.php\/bolseiros-universitarios\/"]}]},{"@type":"BreadcrumbList","@id":"https:\/\/www.ongsim.org\/index.php\/bolseiros-universitarios\/#breadcrumb","itemListElement":[{"@type":"ListItem","position":1,"name":"In\u00edcio","item":"https:\/\/www.ongsim.org\/"},{"@type":"ListItem","position":2,"name":"Bolseiros Universit\u00e1rios"}]},{"@type":"WebSite","@id":"https:\/\/www.ongsim.org\/#website","url":"https:\/\/www.ongsim.org\/","name":"Solidariedade Internacional a Mo\u00e7ambique","description":"Solidariedade Internacional a Mo\u00e7ambique","publisher":{"@id":"https:\/\/www.ongsim.org\/#organization"},"potentialAction":[{"@type":"SearchAction","target":{"@type":"EntryPoint","urlTemplate":"https:\/\/www.ongsim.org\/?s={search_term_string}"},"query-input":{"@type":"PropertyValueSpecification","valueRequired":true,"valueName":"search_term_string"}}],"inLanguage":"pt-PT"},{"@type":"Organization","@id":"https:\/\/www.ongsim.org\/#organization","name":"Solidariedade Internacional a Mo\u00e7ambique","url":"https:\/\/www.ongsim.org\/","logo":{"@type":"ImageObject","inLanguage":"pt-PT","@id":"https:\/\/www.ongsim.org\/#\/schema\/logo\/image\/","url":"http:\/\/ongsim.org\/wp-content\/uploads\/2020\/03\/logo-sim-2_branco_site.png","contentUrl":"http:\/\/ongsim.org\/wp-content\/uploads\/2020\/03\/logo-sim-2_branco_site.png","width":300,"height":300,"caption":"Solidariedade Internacional a Mo\u00e7ambique"},"image":{"@id":"https:\/\/www.ongsim.org\/#\/schema\/logo\/image\/"},"sameAs":["https:\/\/www.facebook.com\/ONG.SIM.MOCAMBIQUE\/?ref=ts","https:\/\/www.instagram.com\/sim.mocambique\/","https:\/\/www.youtube.com\/channel\/UCcLb9BZr3RC9gZ57W-0eebA"]}]}},"jetpack_sharing_enabled":true,"_links":{"self":[{"href":"\/index.php\/wp-json\/wp\/v2\/pages\/677","targetHints":{"allow":["GET"]}}],"collection":[{"href":"\/index.php\/wp-json\/wp\/v2\/pages"}],"about":[{"href":"\/index.php\/wp-json\/wp\/v2\/types\/page"}],"author":[{"embeddable":true,"href":"\/index.php\/wp-json\/wp\/v2\/users\/1"}],"replies":[{"embeddable":true,"href":"\/index.php\/wp-json\/wp\/v2\/comments?post=677"}],"version-history":[{"count":21,"href":"\/index.php\/wp-json\/wp\/v2\/pages\/677\/revisions"}],"predecessor-version":[{"id":10997,"href":"\/index.php\/wp-json\/wp\/v2\/pages\/677\/revisions\/10997"}],"wp:attachment":[{"href":"\/index.php\/wp-json\/wp\/v2\/media?parent=677"}],"curies":[{"name":"wp","href":"https:\/\/api.w.org\/{rel}","templated":true}]}}