{"id":400,"date":"2019-09-27T11:24:46","date_gmt":"2019-09-27T11:24:46","guid":{"rendered":"http:\/\/172.17.194.93\/wordpress\/?page_id=400"},"modified":"2020-04-11T15:03:11","modified_gmt":"2020-04-11T15:03:11","slug":"projecto-papinha-escola-de-sitone","status":"publish","type":"page","link":"\/index.php\/projecto-papinha-escola-de-sitone\/","title":{"rendered":"Projecto Papinha &#8211; Escola de Sitone"},"content":{"rendered":"\n<p>&nbsp;Bazaruto | Projecto Papinha \u2013 uma realidade!<\/p>\n\n\n\n<p class=\"has-drop-cap has-text-align-justify\">A assiduidade na Escola de Sitone, no norte da Ilha do Bazaruto, sempre foi um s\u00e9rio problema. Vivendo numa ilha onde  praticamente a \u00fanica actividade, de subsist\u00eancia e comercial, \u00e9 a  pesca, as crian\u00e7as do Bazaruto n\u00e3o entendem que a escola lhes pode dar  outras oportunidades e horizontes alargados.<br> H\u00e1 alguns anos que a ONGD SIM come\u00e7ou a distribuir um pequeno lanche  di\u00e1rio a estas crian\u00e7as, o que aumentou exponencialmente a assiduidade.<br> Desde 2016 que conseguimos passar a oferecer uma refei\u00e7\u00e3o quente aos  alunos de Sitone, todos os dias. O projecto tem sido um sucesso.Desta  forma, o absentismo continua a diminuir e contribu\u00edmos n\u00e3o s\u00f3 para o  desenvolvimento f\u00edsico destas crian\u00e7as, mas conseguimos tamb\u00e9m manter as  portas abertas para um futuro com mais escolhas!<br> A todos os que nos ajudam a alcan\u00e7ar este objectivo, o nosso mais profundo obrigado!<\/p>\n\n\n\n<p><br>\nTabonga Maningue!<\/p>\n","protected":false},"excerpt":{"rendered":"<p>&nbsp;Bazaruto | Projecto Papinha \u2013 uma realidade! A assiduidade na Escola de Sitone, no norte da Ilha do Bazaruto, sempre foi um s\u00e9rio problema. Vivendo numa ilha onde praticamente a \u00fanica actividade, de subsist\u00eancia e comercial, \u00e9 a pesca, as crian\u00e7as do Bazaruto n\u00e3o entendem que a escola lhes pode dar outras oportunidades e horizontes&#8230; <a class=\"more-link\" href=\"\/index.php\/projecto-papinha-escola-de-sitone\/#more-400\">Continue Reading &rarr;<\/a><\/p>\n","protected":false},"author":1,"featured_media":115,"parent":0,"menu_order":0,"comment_status":"closed","ping_status":"closed","template":"","meta":{"ngg_post_thumbnail":0,"footnotes":""},"class_list":["post-400","page","type-page","status-publish","has-post-thumbnail","hentry","clear"],"yoast_head":"<!-- This site is optimized with the Yoast SEO plugin v27.2 - https:\/\/yoast.com\/product\/yoast-seo-wordpress\/ -->\n<title>Projecto Papinha - Escola de Sitone - Solidariedade Internacional a Mo\u00e7ambique<\/title>\n<meta name=\"robots\" content=\"index, follow, max-snippet:-1, max-image-preview:large, max-video-preview:-1\" \/>\n<link rel=\"canonical\" href=\"\/index.php\/projecto-papinha-escola-de-sitone\/\" \/>\n<meta property=\"og:locale\" content=\"pt_PT\" \/>\n<meta property=\"og:type\" content=\"article\" \/>\n<meta property=\"og:title\" content=\"Projecto Papinha - Escola de Sitone - Solidariedade Internacional a Mo\u00e7ambique\" \/>\n<meta property=\"og:description\" content=\"&nbsp;Bazaruto | Projecto Papinha \u2013 uma realidade! A assiduidade na Escola de Sitone, no norte da Ilha do Bazaruto, sempre foi um s\u00e9rio problema. Vivendo numa ilha onde praticamente a \u00fanica actividade, de subsist\u00eancia e comercial, \u00e9 a pesca, as crian\u00e7as do Bazaruto n\u00e3o entendem que a escola lhes pode dar outras oportunidades e horizontes... Continue Reading &rarr;\" \/>\n<meta property=\"og:url\" content=\"\/index.php\/projecto-papinha-escola-de-sitone\/\" \/>\n<meta property=\"og:site_name\" content=\"Solidariedade Internacional a Mo\u00e7ambique\" \/>\n<meta property=\"article:publisher\" content=\"https:\/\/www.facebook.com\/ONG.SIM.MOCAMBIQUE\/?ref=ts\" \/>\n<meta property=\"article:modified_time\" content=\"2020-04-11T15:03:11+00:00\" \/>\n<meta property=\"og:image\" content=\"\/wp-content\/uploads\/2019\/09\/ONGDSIM_Papinha148_2019-e1569955648155.jpg\" \/>\n\t<meta property=\"og:image:width\" content=\"500\" \/>\n\t<meta property=\"og:image:height\" content=\"667\" \/>\n\t<meta property=\"og:image:type\" content=\"image\/jpeg\" \/>\n<meta name=\"twitter:card\" content=\"summary_large_image\" \/>\n<meta name=\"twitter:label1\" content=\"Tempo estimado de leitura\" \/>\n\t<meta name=\"twitter:data1\" content=\"1 minuto\" \/>\n<script type=\"application\/ld+json\" class=\"yoast-schema-graph\">{\"@context\":\"https:\/\/schema.org\",\"@graph\":[{\"@type\":\"WebPage\",\"@id\":\"\/index.php\/projecto-papinha-escola-de-sitone\/\",\"url\":\"\/index.php\/projecto-papinha-escola-de-sitone\/\",\"name\":\"Projecto Papinha - Escola de Sitone - Solidariedade Internacional a Mo\u00e7ambique\",\"isPartOf\":{\"@id\":\"https:\/\/www.ongsim.org\/#website\"},\"primaryImageOfPage\":{\"@id\":\"\/index.php\/projecto-papinha-escola-de-sitone\/#primaryimage\"},\"image\":{\"@id\":\"\/index.php\/projecto-papinha-escola-de-sitone\/#primaryimage\"},\"thumbnailUrl\":\"\/wp-content\/uploads\/2019\/09\/ONGDSIM_Papinha148_2019-e1569955648155.jpg\",\"datePublished\":\"2019-09-27T11:24:46+00:00\",\"dateModified\":\"2020-04-11T15:03:11+00:00\",\"breadcrumb\":{\"@id\":\"\/index.php\/projecto-papinha-escola-de-sitone\/#breadcrumb\"},\"inLanguage\":\"pt-PT\",\"potentialAction\":[{\"@type\":\"ReadAction\",\"target\":[\"\/index.php\/projecto-papinha-escola-de-sitone\/\"]}]},{\"@type\":\"ImageObject\",\"inLanguage\":\"pt-PT\",\"@id\":\"\/index.php\/projecto-papinha-escola-de-sitone\/#primaryimage\",\"url\":\"\/wp-content\/uploads\/2019\/09\/ONGDSIM_Papinha148_2019-e1569955648155.jpg\",\"contentUrl\":\"\/wp-content\/uploads\/2019\/09\/ONGDSIM_Papinha148_2019-e1569955648155.jpg\",\"width\":500,\"height\":667},{\"@type\":\"BreadcrumbList\",\"@id\":\"\/index.php\/projecto-papinha-escola-de-sitone\/#breadcrumb\",\"itemListElement\":[{\"@type\":\"ListItem\",\"position\":1,\"name\":\"In\u00edcio\",\"item\":\"https:\/\/www.ongsim.org\/\"},{\"@type\":\"ListItem\",\"position\":2,\"name\":\"Projecto Papinha &#8211; Escola de Sitone\"}]},{\"@type\":\"WebSite\",\"@id\":\"https:\/\/www.ongsim.org\/#website\",\"url\":\"https:\/\/www.ongsim.org\/\",\"name\":\"Solidariedade Internacional a Mo\u00e7ambique\",\"description\":\"Solidariedade Internacional a Mo\u00e7ambique\",\"publisher\":{\"@id\":\"https:\/\/www.ongsim.org\/#organization\"},\"potentialAction\":[{\"@type\":\"SearchAction\",\"target\":{\"@type\":\"EntryPoint\",\"urlTemplate\":\"https:\/\/www.ongsim.org\/?s={search_term_string}\"},\"query-input\":{\"@type\":\"PropertyValueSpecification\",\"valueRequired\":true,\"valueName\":\"search_term_string\"}}],\"inLanguage\":\"pt-PT\"},{\"@type\":\"Organization\",\"@id\":\"https:\/\/www.ongsim.org\/#organization\",\"name\":\"Solidariedade Internacional a Mo\u00e7ambique\",\"url\":\"https:\/\/www.ongsim.org\/\",\"logo\":{\"@type\":\"ImageObject\",\"inLanguage\":\"pt-PT\",\"@id\":\"https:\/\/www.ongsim.org\/#\/schema\/logo\/image\/\",\"url\":\"http:\/\/ongsim.org\/wp-content\/uploads\/2020\/03\/logo-sim-2_branco_site.png\",\"contentUrl\":\"http:\/\/ongsim.org\/wp-content\/uploads\/2020\/03\/logo-sim-2_branco_site.png\",\"width\":300,\"height\":300,\"caption\":\"Solidariedade Internacional a Mo\u00e7ambique\"},\"image\":{\"@id\":\"https:\/\/www.ongsim.org\/#\/schema\/logo\/image\/\"},\"sameAs\":[\"https:\/\/www.facebook.com\/ONG.SIM.MOCAMBIQUE\/?ref=ts\",\"https:\/\/www.instagram.com\/sim.mocambique\/\",\"https:\/\/www.youtube.com\/channel\/UCcLb9BZr3RC9gZ57W-0eebA\"]}]}<\/script>\n<!-- \/ Yoast SEO plugin. -->","yoast_head_json":{"title":"Projecto Papinha - Escola de Sitone - Solidariedade Internacional a Mo\u00e7ambique","robots":{"index":"index","follow":"follow","max-snippet":"max-snippet:-1","max-image-preview":"max-image-preview:large","max-video-preview":"max-video-preview:-1"},"canonical":"\/index.php\/projecto-papinha-escola-de-sitone\/","og_locale":"pt_PT","og_type":"article","og_title":"Projecto Papinha - Escola de Sitone - Solidariedade Internacional a Mo\u00e7ambique","og_description":"&nbsp;Bazaruto | Projecto Papinha \u2013 uma realidade! A assiduidade na Escola de Sitone, no norte da Ilha do Bazaruto, sempre foi um s\u00e9rio problema. Vivendo numa ilha onde praticamente a \u00fanica actividade, de subsist\u00eancia e comercial, \u00e9 a pesca, as crian\u00e7as do Bazaruto n\u00e3o entendem que a escola lhes pode dar outras oportunidades e horizontes... Continue Reading &rarr;","og_url":"\/index.php\/projecto-papinha-escola-de-sitone\/","og_site_name":"Solidariedade Internacional a Mo\u00e7ambique","article_publisher":"https:\/\/www.facebook.com\/ONG.SIM.MOCAMBIQUE\/?ref=ts","article_modified_time":"2020-04-11T15:03:11+00:00","og_image":[{"width":500,"height":667,"url":"\/wp-content\/uploads\/2019\/09\/ONGDSIM_Papinha148_2019-e1569955648155.jpg","type":"image\/jpeg"}],"twitter_card":"summary_large_image","twitter_misc":{"Tempo estimado de leitura":"1 minuto"},"schema":{"@context":"https:\/\/schema.org","@graph":[{"@type":"WebPage","@id":"\/index.php\/projecto-papinha-escola-de-sitone\/","url":"\/index.php\/projecto-papinha-escola-de-sitone\/","name":"Projecto Papinha - Escola de Sitone - Solidariedade Internacional a Mo\u00e7ambique","isPartOf":{"@id":"https:\/\/www.ongsim.org\/#website"},"primaryImageOfPage":{"@id":"\/index.php\/projecto-papinha-escola-de-sitone\/#primaryimage"},"image":{"@id":"\/index.php\/projecto-papinha-escola-de-sitone\/#primaryimage"},"thumbnailUrl":"\/wp-content\/uploads\/2019\/09\/ONGDSIM_Papinha148_2019-e1569955648155.jpg","datePublished":"2019-09-27T11:24:46+00:00","dateModified":"2020-04-11T15:03:11+00:00","breadcrumb":{"@id":"\/index.php\/projecto-papinha-escola-de-sitone\/#breadcrumb"},"inLanguage":"pt-PT","potentialAction":[{"@type":"ReadAction","target":["\/index.php\/projecto-papinha-escola-de-sitone\/"]}]},{"@type":"ImageObject","inLanguage":"pt-PT","@id":"\/index.php\/projecto-papinha-escola-de-sitone\/#primaryimage","url":"\/wp-content\/uploads\/2019\/09\/ONGDSIM_Papinha148_2019-e1569955648155.jpg","contentUrl":"\/wp-content\/uploads\/2019\/09\/ONGDSIM_Papinha148_2019-e1569955648155.jpg","width":500,"height":667},{"@type":"BreadcrumbList","@id":"\/index.php\/projecto-papinha-escola-de-sitone\/#breadcrumb","itemListElement":[{"@type":"ListItem","position":1,"name":"In\u00edcio","item":"https:\/\/www.ongsim.org\/"},{"@type":"ListItem","position":2,"name":"Projecto Papinha &#8211; Escola de Sitone"}]},{"@type":"WebSite","@id":"https:\/\/www.ongsim.org\/#website","url":"https:\/\/www.ongsim.org\/","name":"Solidariedade Internacional a Mo\u00e7ambique","description":"Solidariedade Internacional a Mo\u00e7ambique","publisher":{"@id":"https:\/\/www.ongsim.org\/#organization"},"potentialAction":[{"@type":"SearchAction","target":{"@type":"EntryPoint","urlTemplate":"https:\/\/www.ongsim.org\/?s={search_term_string}"},"query-input":{"@type":"PropertyValueSpecification","valueRequired":true,"valueName":"search_term_string"}}],"inLanguage":"pt-PT"},{"@type":"Organization","@id":"https:\/\/www.ongsim.org\/#organization","name":"Solidariedade Internacional a Mo\u00e7ambique","url":"https:\/\/www.ongsim.org\/","logo":{"@type":"ImageObject","inLanguage":"pt-PT","@id":"https:\/\/www.ongsim.org\/#\/schema\/logo\/image\/","url":"http:\/\/ongsim.org\/wp-content\/uploads\/2020\/03\/logo-sim-2_branco_site.png","contentUrl":"http:\/\/ongsim.org\/wp-content\/uploads\/2020\/03\/logo-sim-2_branco_site.png","width":300,"height":300,"caption":"Solidariedade Internacional a Mo\u00e7ambique"},"image":{"@id":"https:\/\/www.ongsim.org\/#\/schema\/logo\/image\/"},"sameAs":["https:\/\/www.facebook.com\/ONG.SIM.MOCAMBIQUE\/?ref=ts","https:\/\/www.instagram.com\/sim.mocambique\/","https:\/\/www.youtube.com\/channel\/UCcLb9BZr3RC9gZ57W-0eebA"]}]}},"jetpack_sharing_enabled":true,"_links":{"self":[{"href":"\/index.php\/wp-json\/wp\/v2\/pages\/400","targetHints":{"allow":["GET"]}}],"collection":[{"href":"\/index.php\/wp-json\/wp\/v2\/pages"}],"about":[{"href":"\/index.php\/wp-json\/wp\/v2\/types\/page"}],"author":[{"embeddable":true,"href":"\/index.php\/wp-json\/wp\/v2\/users\/1"}],"replies":[{"embeddable":true,"href":"\/index.php\/wp-json\/wp\/v2\/comments?post=400"}],"version-history":[{"count":11,"href":"\/index.php\/wp-json\/wp\/v2\/pages\/400\/revisions"}],"predecessor-version":[{"id":9449,"href":"\/index.php\/wp-json\/wp\/v2\/pages\/400\/revisions\/9449"}],"wp:featuredmedia":[{"embeddable":true,"href":"\/index.php\/wp-json\/wp\/v2\/media\/115"}],"wp:attachment":[{"href":"\/index.php\/wp-json\/wp\/v2\/media?parent=400"}],"curies":[{"name":"wp","href":"https:\/\/api.w.org\/{rel}","templated":true}]}}