{"id":1081,"date":"2019-10-01T19:19:51","date_gmt":"2019-10-01T19:19:51","guid":{"rendered":"http:\/\/172.17.194.93\/wordpress\/?page_id=1081"},"modified":"2020-05-11T12:45:12","modified_gmt":"2020-05-11T11:45:12","slug":"missoes-anuais-educacao-saude-e-meio-ambiente","status":"publish","type":"page","link":"\/index.php\/missoes-anuais-educacao-saude-e-meio-ambiente\/","title":{"rendered":"Miss\u00f5es Anuais Educa\u00e7\u00e3o, Sa\u00fade e Meio Ambiente"},"content":{"rendered":"\n<p class=\"has-drop-cap has-text-align-justify\">Anualmente a ONGD SIM organiza duas miss\u00f5es de Solidariedade a Mo\u00e7ambique, a primeira nos meses de Janeiro e Fevereiro e a segunda nos meses de Julho e Agosto, com a designa\u00e7\u00e3o \u00abMiss\u00e3o Educa\u00e7\u00e3o, Sa\u00fade e Meio Ambiente\u00bb.<\/p>\n\n\n\n<p class=\"has-text-align-justify\">O objectivo principal e comum destas miss\u00f5es, \u00e9 a ac\u00e7\u00e3o humanit\u00e1ria junto das comunidades mais carenciadas da zona Norte da Ilha do Bazaruto, nas quais \u00e9 efectuada uma distribui\u00e7\u00e3o de bens de necessidade b\u00e1sica como produtos alimentares, vestu\u00e1rio, material did\u00e1ctico, desportivo e medicamentos NSRM.<\/p>\n\n\n\n<p class=\"has-text-align-justify\">Nestas miss\u00f5es a ONGD SIM, e a sua direc\u00e7\u00e3o, contam sempre com o apoio de volunt\u00e1rios portugueses ou estrangeiros que se disponibilizam para, a titulo gratuito, ajudar as comunidades mais carenciadas da Zona Norte da Ilha do Bazaruto, Inhambane.<\/p>\n\n\n\n<p class=\"has-text-align-justify\">Durante as miss\u00f5es, a ONGD SIM aproveita, a n\u00edvel institucional, para,  junto do R\u00e9gulo Lacerda Mazalleti e das autoridades locais, fazer o habitual levantamento do progresso dos projectos em vigor junto das comunidades, escola e bolseiros. S\u00e3o realizadas pequenas festas nas Sombrinhas Comunit\u00e1rias Tartaruga com as crian\u00e7as, as suas fam\u00edlias e os<br> monitores, onde a ONGD SIM pode sempre contar com a presen\u00e7a do R\u00e9gulo, entre outras autoridades locais. Nestas festas s\u00e3o oferecidas bolachas, sumos e chupas \u00e0s crian\u00e7as, bem como material escolar e desportivo.<\/p>\n\n\n\n<p class=\"has-text-align-justify\">Estas Miss\u00f5es t\u00eam ainda como objectivo fazer uma reuni\u00e3o com os professores da Escola Prim\u00e1ria de Sitone, para ter uma percep\u00e7\u00e3o das maiores necessidades da escola e das crian\u00e7as, qual o andamento dos projectos escolares, e fazer avalia\u00e7\u00f5es aos estudantes que ir\u00e3o integrar o grupo de bolseiros do LAR SIM no Inhassoro, no in\u00edcio do ano lectivo seguinte.<\/p>\n\n\n\n<div class=\"wp-block-image\"><figure class=\"alignleft is-resized\"><img loading=\"lazy\" decoding=\"async\" src=\"\/wp-content\/gallery\/fotos-2014\/ONGSIM-2014-110.jpg\" alt=\"\" width=\"249\" height=\"139\"\/><\/figure><\/div>\n\n\n\n<p class=\"has-text-align-justify\">S\u00e3o feitas duas distribui\u00e7\u00f5es de produtos b\u00e1sicos de alimenta\u00e7\u00e3o (\u00f3leo e arroz) para cerca de 300 fam\u00edlias profundamente carenciadas em Machulane e Sitone. No Lar SIM, no Inhassoro, s\u00e3o realizadas reuni\u00f5es individuais com os Directores de Turma de cada bolseiro, para ser efectuado um ponto de situa\u00e7\u00e3o em rela\u00e7\u00e3o ao seu desempenho individual e entender quais as suas maiores dificuldades, juntamente com a aprecia\u00e7\u00e3o dos exames realizados pelos volunt\u00e1rios, para que se possa elaborar um plano de estudos adequado \u00e0s necessidades de cada bolseiro. Com a ajuda dos bolseiros, faz-se um pequeno lanche para o qual s\u00e3o convidadas as crian\u00e7as das comunidades pr\u00f3ximas do Lar, em n\u00famero de 250, onde s\u00e3o oferecidas bolachas, sumos e chupas.<\/p>\n\n\n\n<div class=\"wp-block-image\"><figure class=\"alignleft is-resized\"><img loading=\"lazy\" decoding=\"async\" src=\"\/wp-content\/uploads\/2019\/10\/CR-ONGDSIMMocambique449-1024x683.jpg\" alt=\"Esta imagem tem um texto alternativo em branco, o nome da imagem \u00e9 CR-ONGDSIMMocambique449-1024x683.jpg\" width=\"221\" height=\"147\"\/><figcaption>Foto: Campiso Rocha (2019)<\/figcaption><\/figure><\/div>\n\n\n\n<p class=\"has-text-align-justify\">Na \u00e1rea da Sa\u00fade, aproveitam-se estas duas miss\u00f5es para efectuar exames volunt\u00e1rios ao HIV-SIDA, aos bolseiros e \u00e0s comunidades, para se tentar ter um m\u00ednimo de percep\u00e7\u00e3o da propaga\u00e7\u00e3o da doen\u00e7a, e para que possam beneficiar de tratamentos espec\u00edficos. S\u00e3o tamb\u00e9m efectuados alguns exames simples, \u00e0 pele, olhos e boca para ver o estado geral de sa\u00fade das comunidades, e ajudar a encaminhar para o hospital rural de Inhassoro e Vilankulo os casos urgentes. Ainda dentro desta \u00e1rea da miss\u00e3o, um dos grandes objectivos \u00e9 a realiza\u00e7\u00e3o de palestras de forma\u00e7\u00e3o e sensibiliza\u00e7\u00e3o sobre os cuidados b\u00e1sicos de higiene, o uso do preservativo, com distribui\u00e7\u00e3o do mesmo, as doen\u00e7as sexualmente transmiss\u00edveis, e sobre outras doen\u00e7as \u2013 c\u00f3lera, mal\u00e1ria e tuberculose, por exemplo \u2013 em v\u00e1rias zonas das comunidades.<\/p>\n\n\n\n<p class=\"has-text-align-justify\">Na \u00e1rea do Meio Ambiente, s\u00e3o realizadas campanhas de limpeza \u00e0s praias, com palestras de consciencializa\u00e7\u00e3o das variantes associadas a essa problem\u00e1tica, bem como os cuidados b\u00e1sicos de higiene a ter nos seus lares. S\u00e3o organizados alguns grupos com as pessoas das comunidades, adultos, jovens e crian\u00e7as, dos quais os nossos bolseiros ficam como chefes, para ajudar a melhorar a concretiza\u00e7\u00e3o dessas ac\u00e7\u00f5es. S\u00e3o tamb\u00e9m feitas palestras de sensibiliza\u00e7\u00e3o \u00e0 comunidade para a protec\u00e7\u00e3o das esp\u00e9cies em vias de extin\u00e7\u00e3o na costa mo\u00e7ambicana, nomeadamente da tartaruga.<\/p>\n\n\n\n<p class=\"has-text-align-justify\">Finalmente, \u00e9 realizada a monitoriza\u00e7\u00e3o dos projectos em curso relacionados com o Meio Ambiente e a Auto-sustentabilidade, verificando a sua desenvoltura e os pontos essenciais a melhorar, com a realiza\u00e7\u00e3o de reuni\u00f5es e palestras com as comunidades visando aumentar o seu conhecimento sobre os melhores m\u00e9todos de planta\u00e7\u00e3o e as \u00e9pocas adequadas para a sua realiza\u00e7\u00e3o, hoje em dia j\u00e1 com o apoio profissional do bolseiro licenciado em Economia Agr\u00e1ria Arnaldo Chibale.<\/p>\n","protected":false},"excerpt":{"rendered":"<p>Anualmente a ONGD SIM organiza duas miss\u00f5es de Solidariedade a Mo\u00e7ambique, a primeira nos meses de Janeiro e Fevereiro e a segunda nos meses de Julho e Agosto, com a designa\u00e7\u00e3o \u00abMiss\u00e3o Educa\u00e7\u00e3o, Sa\u00fade e Meio Ambiente\u00bb. O objectivo principal e comum destas miss\u00f5es, \u00e9 a ac\u00e7\u00e3o humanit\u00e1ria junto das comunidades mais carenciadas da zona&#8230; <a class=\"more-link\" href=\"\/index.php\/missoes-anuais-educacao-saude-e-meio-ambiente\/#more-1081\">Continue Reading &rarr;<\/a><\/p>\n","protected":false},"author":1,"featured_media":0,"parent":0,"menu_order":0,"comment_status":"closed","ping_status":"closed","template":"","meta":{"ngg_post_thumbnail":0,"footnotes":""},"class_list":["post-1081","page","type-page","status-publish","hentry","clear"],"yoast_head":"<!-- This site is optimized with the Yoast SEO plugin v27.2 - https:\/\/yoast.com\/product\/yoast-seo-wordpress\/ -->\n<title>Miss\u00f5es Anuais Educa\u00e7\u00e3o, Sa\u00fade e Meio Ambiente - Solidariedade Internacional a Mo\u00e7ambique<\/title>\n<meta name=\"robots\" content=\"index, follow, max-snippet:-1, max-image-preview:large, max-video-preview:-1\" \/>\n<link rel=\"canonical\" href=\"\/index.php\/missoes-anuais-educacao-saude-e-meio-ambiente\/\" \/>\n<meta property=\"og:locale\" content=\"pt_PT\" \/>\n<meta property=\"og:type\" content=\"article\" \/>\n<meta property=\"og:title\" content=\"Miss\u00f5es Anuais Educa\u00e7\u00e3o, Sa\u00fade e Meio Ambiente - Solidariedade Internacional a Mo\u00e7ambique\" \/>\n<meta property=\"og:description\" content=\"Anualmente a ONGD SIM organiza duas miss\u00f5es de Solidariedade a Mo\u00e7ambique, a primeira nos meses de Janeiro e Fevereiro e a segunda nos meses de Julho e Agosto, com a designa\u00e7\u00e3o \u00abMiss\u00e3o Educa\u00e7\u00e3o, Sa\u00fade e Meio Ambiente\u00bb. O objectivo principal e comum destas miss\u00f5es, \u00e9 a ac\u00e7\u00e3o humanit\u00e1ria junto das comunidades mais carenciadas da zona... Continue Reading &rarr;\" \/>\n<meta property=\"og:url\" content=\"\/index.php\/missoes-anuais-educacao-saude-e-meio-ambiente\/\" \/>\n<meta property=\"og:site_name\" content=\"Solidariedade Internacional a Mo\u00e7ambique\" \/>\n<meta property=\"article:publisher\" content=\"https:\/\/www.facebook.com\/ONG.SIM.MOCAMBIQUE\/?ref=ts\" \/>\n<meta property=\"article:modified_time\" content=\"2020-05-11T11:45:12+00:00\" \/>\n<meta name=\"twitter:card\" content=\"summary_large_image\" \/>\n<meta name=\"twitter:label1\" content=\"Tempo estimado de leitura\" \/>\n\t<meta name=\"twitter:data1\" content=\"4 minutos\" \/>\n<script type=\"application\/ld+json\" class=\"yoast-schema-graph\">{\"@context\":\"https:\/\/schema.org\",\"@graph\":[{\"@type\":\"WebPage\",\"@id\":\"\/index.php\/missoes-anuais-educacao-saude-e-meio-ambiente\/\",\"url\":\"\/index.php\/missoes-anuais-educacao-saude-e-meio-ambiente\/\",\"name\":\"Miss\u00f5es Anuais Educa\u00e7\u00e3o, Sa\u00fade e Meio Ambiente - Solidariedade Internacional a Mo\u00e7ambique\",\"isPartOf\":{\"@id\":\"https:\/\/www.ongsim.org\/#website\"},\"datePublished\":\"2019-10-01T19:19:51+00:00\",\"dateModified\":\"2020-05-11T11:45:12+00:00\",\"breadcrumb\":{\"@id\":\"\/index.php\/missoes-anuais-educacao-saude-e-meio-ambiente\/#breadcrumb\"},\"inLanguage\":\"pt-PT\",\"potentialAction\":[{\"@type\":\"ReadAction\",\"target\":[\"\/index.php\/missoes-anuais-educacao-saude-e-meio-ambiente\/\"]}]},{\"@type\":\"BreadcrumbList\",\"@id\":\"\/index.php\/missoes-anuais-educacao-saude-e-meio-ambiente\/#breadcrumb\",\"itemListElement\":[{\"@type\":\"ListItem\",\"position\":1,\"name\":\"In\u00edcio\",\"item\":\"https:\/\/www.ongsim.org\/\"},{\"@type\":\"ListItem\",\"position\":2,\"name\":\"Miss\u00f5es Anuais Educa\u00e7\u00e3o, Sa\u00fade e Meio Ambiente\"}]},{\"@type\":\"WebSite\",\"@id\":\"https:\/\/www.ongsim.org\/#website\",\"url\":\"https:\/\/www.ongsim.org\/\",\"name\":\"Solidariedade Internacional a Mo\u00e7ambique\",\"description\":\"Solidariedade Internacional a Mo\u00e7ambique\",\"publisher\":{\"@id\":\"https:\/\/www.ongsim.org\/#organization\"},\"potentialAction\":[{\"@type\":\"SearchAction\",\"target\":{\"@type\":\"EntryPoint\",\"urlTemplate\":\"https:\/\/www.ongsim.org\/?s={search_term_string}\"},\"query-input\":{\"@type\":\"PropertyValueSpecification\",\"valueRequired\":true,\"valueName\":\"search_term_string\"}}],\"inLanguage\":\"pt-PT\"},{\"@type\":\"Organization\",\"@id\":\"https:\/\/www.ongsim.org\/#organization\",\"name\":\"Solidariedade Internacional a Mo\u00e7ambique\",\"url\":\"https:\/\/www.ongsim.org\/\",\"logo\":{\"@type\":\"ImageObject\",\"inLanguage\":\"pt-PT\",\"@id\":\"https:\/\/www.ongsim.org\/#\/schema\/logo\/image\/\",\"url\":\"http:\/\/ongsim.org\/wp-content\/uploads\/2020\/03\/logo-sim-2_branco_site.png\",\"contentUrl\":\"http:\/\/ongsim.org\/wp-content\/uploads\/2020\/03\/logo-sim-2_branco_site.png\",\"width\":300,\"height\":300,\"caption\":\"Solidariedade Internacional a Mo\u00e7ambique\"},\"image\":{\"@id\":\"https:\/\/www.ongsim.org\/#\/schema\/logo\/image\/\"},\"sameAs\":[\"https:\/\/www.facebook.com\/ONG.SIM.MOCAMBIQUE\/?ref=ts\",\"https:\/\/www.instagram.com\/sim.mocambique\/\",\"https:\/\/www.youtube.com\/channel\/UCcLb9BZr3RC9gZ57W-0eebA\"]}]}<\/script>\n<!-- \/ Yoast SEO plugin. -->","yoast_head_json":{"title":"Miss\u00f5es Anuais Educa\u00e7\u00e3o, Sa\u00fade e Meio Ambiente - Solidariedade Internacional a Mo\u00e7ambique","robots":{"index":"index","follow":"follow","max-snippet":"max-snippet:-1","max-image-preview":"max-image-preview:large","max-video-preview":"max-video-preview:-1"},"canonical":"\/index.php\/missoes-anuais-educacao-saude-e-meio-ambiente\/","og_locale":"pt_PT","og_type":"article","og_title":"Miss\u00f5es Anuais Educa\u00e7\u00e3o, Sa\u00fade e Meio Ambiente - Solidariedade Internacional a Mo\u00e7ambique","og_description":"Anualmente a ONGD SIM organiza duas miss\u00f5es de Solidariedade a Mo\u00e7ambique, a primeira nos meses de Janeiro e Fevereiro e a segunda nos meses de Julho e Agosto, com a designa\u00e7\u00e3o \u00abMiss\u00e3o Educa\u00e7\u00e3o, Sa\u00fade e Meio Ambiente\u00bb. O objectivo principal e comum destas miss\u00f5es, \u00e9 a ac\u00e7\u00e3o humanit\u00e1ria junto das comunidades mais carenciadas da zona... Continue Reading &rarr;","og_url":"\/index.php\/missoes-anuais-educacao-saude-e-meio-ambiente\/","og_site_name":"Solidariedade Internacional a Mo\u00e7ambique","article_publisher":"https:\/\/www.facebook.com\/ONG.SIM.MOCAMBIQUE\/?ref=ts","article_modified_time":"2020-05-11T11:45:12+00:00","twitter_card":"summary_large_image","twitter_misc":{"Tempo estimado de leitura":"4 minutos"},"schema":{"@context":"https:\/\/schema.org","@graph":[{"@type":"WebPage","@id":"\/index.php\/missoes-anuais-educacao-saude-e-meio-ambiente\/","url":"\/index.php\/missoes-anuais-educacao-saude-e-meio-ambiente\/","name":"Miss\u00f5es Anuais Educa\u00e7\u00e3o, Sa\u00fade e Meio Ambiente - Solidariedade Internacional a Mo\u00e7ambique","isPartOf":{"@id":"https:\/\/www.ongsim.org\/#website"},"datePublished":"2019-10-01T19:19:51+00:00","dateModified":"2020-05-11T11:45:12+00:00","breadcrumb":{"@id":"\/index.php\/missoes-anuais-educacao-saude-e-meio-ambiente\/#breadcrumb"},"inLanguage":"pt-PT","potentialAction":[{"@type":"ReadAction","target":["\/index.php\/missoes-anuais-educacao-saude-e-meio-ambiente\/"]}]},{"@type":"BreadcrumbList","@id":"\/index.php\/missoes-anuais-educacao-saude-e-meio-ambiente\/#breadcrumb","itemListElement":[{"@type":"ListItem","position":1,"name":"In\u00edcio","item":"https:\/\/www.ongsim.org\/"},{"@type":"ListItem","position":2,"name":"Miss\u00f5es Anuais Educa\u00e7\u00e3o, Sa\u00fade e Meio Ambiente"}]},{"@type":"WebSite","@id":"https:\/\/www.ongsim.org\/#website","url":"https:\/\/www.ongsim.org\/","name":"Solidariedade Internacional a Mo\u00e7ambique","description":"Solidariedade Internacional a Mo\u00e7ambique","publisher":{"@id":"https:\/\/www.ongsim.org\/#organization"},"potentialAction":[{"@type":"SearchAction","target":{"@type":"EntryPoint","urlTemplate":"https:\/\/www.ongsim.org\/?s={search_term_string}"},"query-input":{"@type":"PropertyValueSpecification","valueRequired":true,"valueName":"search_term_string"}}],"inLanguage":"pt-PT"},{"@type":"Organization","@id":"https:\/\/www.ongsim.org\/#organization","name":"Solidariedade Internacional a Mo\u00e7ambique","url":"https:\/\/www.ongsim.org\/","logo":{"@type":"ImageObject","inLanguage":"pt-PT","@id":"https:\/\/www.ongsim.org\/#\/schema\/logo\/image\/","url":"http:\/\/ongsim.org\/wp-content\/uploads\/2020\/03\/logo-sim-2_branco_site.png","contentUrl":"http:\/\/ongsim.org\/wp-content\/uploads\/2020\/03\/logo-sim-2_branco_site.png","width":300,"height":300,"caption":"Solidariedade Internacional a Mo\u00e7ambique"},"image":{"@id":"https:\/\/www.ongsim.org\/#\/schema\/logo\/image\/"},"sameAs":["https:\/\/www.facebook.com\/ONG.SIM.MOCAMBIQUE\/?ref=ts","https:\/\/www.instagram.com\/sim.mocambique\/","https:\/\/www.youtube.com\/channel\/UCcLb9BZr3RC9gZ57W-0eebA"]}]}},"jetpack_sharing_enabled":true,"_links":{"self":[{"href":"\/index.php\/wp-json\/wp\/v2\/pages\/1081","targetHints":{"allow":["GET"]}}],"collection":[{"href":"\/index.php\/wp-json\/wp\/v2\/pages"}],"about":[{"href":"\/index.php\/wp-json\/wp\/v2\/types\/page"}],"author":[{"embeddable":true,"href":"\/index.php\/wp-json\/wp\/v2\/users\/1"}],"replies":[{"embeddable":true,"href":"\/index.php\/wp-json\/wp\/v2\/comments?post=1081"}],"version-history":[{"count":15,"href":"\/index.php\/wp-json\/wp\/v2\/pages\/1081\/revisions"}],"predecessor-version":[{"id":9816,"href":"\/index.php\/wp-json\/wp\/v2\/pages\/1081\/revisions\/9816"}],"wp:attachment":[{"href":"\/index.php\/wp-json\/wp\/v2\/media?parent=1081"}],"curies":[{"name":"wp","href":"https:\/\/api.w.org\/{rel}","templated":true}]}}